{"id":75,"date":"2022-01-23T21:49:44","date_gmt":"2022-01-23T21:49:44","guid":{"rendered":"https:\/\/konyvaruda.hu\/?post_type=product&#038;p=75"},"modified":"2026-04-27T18:22:00","modified_gmt":"2026-04-27T18:22:00","slug":"konyv1","status":"publish","type":"product","link":"https:\/\/konyvaruda.hu\/?product=konyv1","title":{"rendered":"Kapcsolat a szellemi vil\u00e1ggal"},"content":{"rendered":"<table border=\"0\" width=\"950\" align=\"center\">\n<tbody>\n<tr>\n<td>\n<div align=\"justify\"><span style=\"font-size: large;\"><span style=\"font-size: large;\">Ez a k\u00f6nyv a m\u00e9diumok tev\u00e9kenys\u00e9g\u00e9nek titokzatos vil\u00e1g\u00e1ba ny\u00fajt bepillant\u00e1st. A t\u00falvil\u00e1ggal val\u00f3 kapcsolat t\u00f6bb \u00e9ves m\u00faltra tekint vissza, amely a k\u00fcl\u00f6nb\u00f6z\u0151 korokban, kult\u00far\u00e1kban, sokf\u00e9lek\u00e9ppen jelent meg, s \u00edgy jelen van a mai vil\u00e1gban is. A szerz\u0151 bemutatja a m\u00e9dium \u0151sk\u00e9p\u00e9t, eredeti, szellemi feladat\u00e1t s megnyilv\u00e1nul\u00e1si form\u00e1it a r\u00e9gm\u00faltt\u00f3l napjainkig. A k\u00f6nyv r\u00e9szletesen le\u00edrja a m\u00e9diumi tev\u00e9kenys\u00e9g f\u0151bb fajt\u00e1it: az elhunytakkal \u00e9s a tan\u00edt\u00f3 szellemekkel val\u00f3 kapcsolatot, a szellemi vil\u00e1ghoz val\u00f3 kapcsol\u00f3d\u00e1s folyamat\u00e1t, valamint a t\u00falvil\u00e1g fel\u00e9p\u00edt\u00e9s\u00e9t. A k\u00f6nyv magyar\u00e1zatot ad t\u00f6bb, ismert szellemi jelens\u00e9gre, mint pl. a kopog\u00f3 hangokra, a megid\u00e9z\u00e9sre \u00e9s a pr\u00f3f\u00e9t\u00e1k k\u00e9pess\u00e9geire.<br \/>\nMegismerkedhet\u00fcnk a szenved\u0151 szellemek m\u00e9diumi megseg\u00edt\u00e9s\u00e9vel, az \u00e1llatokkal \u00e9s a n\u00f6v\u00e9nyekkel val\u00f3 medi\u00e1lis kapcsolattal, de a m\u00e9diumok buk\u00e1s\u00e1val is. A k\u00f6nyv a medialit\u00e1s k\u00fcl\u00f6nleges eseteinek le\u00edr\u00e1s\u00e1val z\u00e1rul. Minden bemutatott t\u00e9m\u00e1t ritka t\u00falvil\u00e1gi besz\u00e1mol\u00f3k sz\u00ednes\u00edtenek.<br \/>\nA k\u00f6nyv nemcsak azoknak ny\u00fajthat nagy seg\u00edts\u00e9get, akik m\u00e1r \u00e9rz\u00e9kelt\u00e9k a t\u00falvil\u00e1g l\u00e9t\u00e9t, hanem azoknak is, akik r\u00e9szletesen meg szeretn\u00e9k ismerni a l\u00e1thatatlan vil\u00e1gok csod\u00e1latos \u00e9let\u00e9t.<\/span><\/span><\/div>\n<div align=\"justify\"><span style=\"font-size: large;\"><span style=\"font-size: large;\">El\u0151sz\u00f3<br \/>\nI. Alapfogalmak<br \/>\nII. A t\u00falvil\u00e1ggal val\u00f3 kapcsolat<br \/>\nII.1. A t\u00falvil\u00e1g fogalma<br \/>\nII.2. A t\u00falvil\u00e1ggal val\u00f3 kapcsolat c\u00e9lja<br \/>\nII.2.1. A m\u00e9dium \u0151sk\u00e9pe<br \/>\nII.2.2. M\u00e1gia \u00e9s misztika<br \/>\nIII. A modern kori medialit\u00e1s t\u00f6rt\u00e9nete<br \/>\nIII.1. Alapfogalmak<br \/>\nIII.2. Mi\u00e9rt tiltott\u00e1k a holtak megk\u00e9rdez\u00e9s\u00e9t?<br \/>\nIII.3. A spiritizmus l\u00e9trej\u00f6tte<br \/>\nIII.3.1. A magyarorsz\u00e1gi spiritiszta mozgalom<br \/>\nIII.4. A m\u00e9diumok napjainkban<br \/>\nIII.5. A spiritizmus szellemi c\u00e9lja<br \/>\nIV. Kivel l\u00e9phet kapcsolatba a m\u00e9dium?<br \/>\nIV.1. A t\u00falvil\u00e1g<br \/>\nIV.2. A t\u00falvil\u00e1g lak\u00f3i<br \/>\nIV.2.1. Milyen nyelven besz\u00e9lnek a szellemek?<br \/>\nIV.3. Kivel l\u00e9phet kapcsolatba a m\u00e9dium?<br \/>\nIV.3.1. Az \u00e9gi hierarchia<br \/>\nIV.3.2. A t\u00falvil\u00e1g fel\u00e9p\u00edt\u00e9se<br \/>\nIV.3.3. Az elhunytakkal val\u00f3 kapcsolat<br \/>\nIV.3.4. A magasabb szellemekkel val\u00f3 kapcsolat<br \/>\nIV.3.5. A f\u00f6ldi testben \u00e9l\u0151kkel val\u00f3 kapcsolat<br \/>\nIV.3.6. Kapcsolat az \u00e1llatokkal, n\u00f6v\u00e9nyekkel, \u00e1sv\u00e1nyokkal<br \/>\nIV.3.7. Hol lehet tal\u00e1lkozni a szellemekkel?<br \/>\nV. Ki a j\u00f3 m\u00e9dium?<br \/>\nVI. A m\u00e9diumok k\u00e9pz\u00e9se<br \/>\nVI.1. A m\u00e9dium spont\u00e1n k\u00e9pz\u00e9se<br \/>\nVI.2. M\u00e9diumiskol\u00e1k<br \/>\nVII. A szellemi vil\u00e1ggal val\u00f3 kapcsol\u00f3d\u00e1s folyamata<br \/>\nVII. 1. A kapcsolat technik\u00e1ja<br \/>\nVII.2. A m\u00e9diumi munk\u00e1t befoly\u00e1sol\u00f3 t\u00e9nyez\u0151k<br \/>\nVII.2. 1. Megv\u00e1ltozott tudat\u00e1llapotokat el\u0151id\u00e9z\u0151 szerek<br \/>\nVIII. A m\u00e9diumi tev\u00e9kenys\u00e9g form\u00e1i<br \/>\nVIII.1. A k\u00e9pess\u00e9g szerint<br \/>\nVII.1.1 A kopog\u00f3 hangok \u00e9s a zajok 5<br \/>\nVIII.2. A l\u00e9tsz\u00e1m szerint<br \/>\nVIII.3. A megid\u00e9z\u00e9s<br \/>\nVIII.4. M\u00e9diumok \u00e9s pr\u00f3f\u00e9t\u00e1k<br \/>\nVIII.5. A l\u00e1tnokok<br \/>\nVIII.6. A l\u00e1tom\u00e1sok \u00e9s pr\u00f3f\u00e9ci\u00e1k \u00e9rtelmez\u00e9se<br \/>\nVIII.7. A legfejlettebb m\u00e9diumi k\u00e9pess\u00e9g<br \/>\nVIII.8. Az inkorpor\u00e1ci\u00f3<br \/>\nVIII.8.1. A szenved\u0151 szellemek megseg\u00edt\u00e9se<br \/>\nVIII.8.2. A megsz\u00e1llotts\u00e1g m\u00e9diumi gy\u00f3gy\u00edt\u00e1sa<br \/>\nIX. A szellemi seg\u00edt\u0151k k\u00f6zrem\u0171k\u00f6d\u00e9se a m\u00e9diumi tev\u00e9kenys\u00e9g sor\u00e1n<br \/>\nIX.1. A szellemi vezet\u0151k \u00e9s seg\u00edt\u0151k<br \/>\nIX.2. A m\u00e9diumi k\u00f6zvet\u00edt\u00e9s el\u0151k\u00e9sz\u00edt\u00e9se a szellemi vil\u00e1gban<br \/>\nX. A m\u00e9diumi k\u00e9pess\u00e9gek megszak\u00edt\u00e1sa \u00e9s elvesz\u00edt\u00e9se<br \/>\nX.1. M\u00e9diumok buk\u00e1sa<br \/>\nXI. A medialit\u00e1s k\u00fcl\u00f6nleges esetei<br \/>\nXI. 1. F\u00f6ldi testben \u00e9l\u0151 szellem megjelen\u00e9se<br \/>\nXI.2. M\u00e9diumi gy\u00f3gy\u00edt\u00e1s rosszindulat\u00fa szellem elt\u00e1vol\u00edt\u00e1s\u00e1val<br \/>\nXI. 3. Medialit\u00e1s a hal\u00e1los \u00e1gyon<br \/>\nXI.4. A csal\u00e1d\u00e1ll\u00edt\u00e1s<br \/>\nXI.5. \u00c1llatok \u00e9s egy\u00e9b \u00e9l\u0151l\u00e9nyek inkorpor\u00e1l\u00e1sa<br \/>\nZ\u00e1rsz\u00f3<\/span><\/span><\/p>\n<div align=\"left\">R\u00e9szlet a k\u00f6nyvb\u0151l:<\/div>\n<p>&nbsp;<\/p>\n<p>&#8220;&#8230;a f\u00f6ldi \u00e9s a t\u00falvil\u00e1gi l\u00e9t k\u00f6z\u00f6tti kapcsolat legf\u0151bb jellemz\u0151je (fejlett szellemi szinten): a magasabb, \u00e9gi er\u0151k le\u00e1raml\u00e1sa a F\u00f6ldre, s a lehet\u0151s\u00e9g, hogy a f\u00f6ldi ember itt, az anyagban is kapcsol\u00f3dhasson a sz\u00e1m\u00e1ra l\u00e1thatatlan \u00e9gi er\u0151kh\u00f6z, amelyek \u201emindazt, ami a f\u00f6ld\u00f6n \u00e9lt, \u00e1tvil\u00e1g\u00edtott\u00e1k, megszentelt\u00e9k \u00e9s teljess\u00e9 tett\u00e9k\u201d. A kapcsolat c\u00e9lja: a f\u00f6ldi l\u00e9t emel\u00e9se az emelkedettebb vil\u00e1gok fel\u00e9, a szellemies\u00fcl\u00e9s \u00fatj\u00e1n.<br \/>\nL\u00e1ttuk, hogy az aranykorban sz\u00e1mos kapcsolati forma \u00e1llt fenn az ember \u00e9s a t\u00falvil\u00e1g k\u00f6z\u00f6tt (a szimbolikus kilenc h\u00edd), amely a szellemi buk\u00e1ssal egyre cs\u00f6kkent, arra az egyre, ahol a f\u00f6ldi test\u00e9t levetett l\u00e9lek \u00e1tjut a szellemi vil\u00e1gba. Ezen az egy h\u00eddon azonban m\u00e1r nem \u00e1ramlik szinte semmi, ami megszenteln\u00e9 a f\u00f6ldi l\u00e9tet, mert az ember alacsony szellemi szintre jutott. Mi t\u00f6bb, ett\u0151l az egy h\u00eddt\u00f3l a mai ember retteg, mert nem tudja, hogy hov\u00e1 vezet.<br \/>\nEz term\u00e9szetesen a nagy t\u00f6megre igaz. A mai emberis\u00e9g d\u00f6nt\u0151 t\u00f6bbs\u00e9ge materialista, s\u0151t m\u00e9g az \u00fan. h\u00edv\u0151k nagy r\u00e9sze sem hisz a t\u00falvil\u00e1gban. Ennek ellen\u00e9re mindazok sz\u00e1m\u00e1ra \u2013 legyen ez egy ember vagy egy kis csoport \u2013 az \u00e9gb\u0151l le\u00e1rad\u00f3, megszentel\u0151 er\u0151kkel val\u00f3 kapcsolat ma is lehets\u00e9ges, ha a f\u00f6ldi ember szellem relat\u00edve fejlett. A medialilt\u00e1s alapt\u00f6rv\u00e9nye: hasonl\u00f3 a hasonl\u00f3t vonzza. \u201eMert ahol ketten vagy h\u00e1rman \u00f6sszej\u00f6nnek az \u00e9n nevemben, ott vagyok k\u00f6z\u00f6tt\u00fck.\u201d ( Mt 18,20 \u2013 mondta J\u00e9zus. Ez t\u00e1gabb \u00e9rtelemben azt is jelenti, hogy a t\u00falvil\u00e1g fejlett, \u00e1ld\u00e1st, gy\u00f3gyul\u00e1st, seg\u00edts\u00e9get hoz\u00f3 szellemei azokhoz tudnak kapcsol\u00f3dni, akik szellemileg hasonl\u00f3ak. Ez\u00e9rt lehet megfelel\u0151 felk\u00e9sz\u00fclts\u00e9g mellett ma is kapcsolatba l\u00e9pni a t\u00falvil\u00e1g f\u00e9nyesebb lak\u00f3ival&#8221;. &#8221;<\/p>\n<\/div>\n<\/td>\n<\/tr>\n<tr>\n<td height=\"130\">\n<div align=\"right\"><\/div>\n<\/td>\n<\/tr>\n<\/tbody>\n<\/table>\n","protected":false},"excerpt":{"rendered":"<p><img loading=\"lazy\" class=\"wp-image-133 size-medium\" src=\"https:\/\/konyvaruda.hu\/wp-content\/uploads\/2022\/01\/Kapcsolat-a-szellemi-vilaggal-300x150.gif\" alt=\"\" width=\"300\" height=\"150\" srcset=\"https:\/\/konyvaruda.hu\/wp-content\/uploads\/2022\/01\/Kapcsolat-a-szellemi-vilaggal-300x150.gif 300w, https:\/\/konyvaruda.hu\/wp-content\/uploads\/2022\/01\/Kapcsolat-a-szellemi-vilaggal-600x300.gif 600w, https:\/\/konyvaruda.hu\/wp-content\/uploads\/2022\/01\/Kapcsolat-a-szellemi-vilaggal-768x384.gif 768w\" sizes=\"(max-width: 300px) 100vw, 300px\" \/><\/p>\n","protected":false},"featured_media":168,"comment_status":"open","ping_status":"closed","template":"","meta":[],"product_cat":[17],"product_tag":[],"_links":{"self":[{"href":"https:\/\/konyvaruda.hu\/index.php?rest_route=\/wp\/v2\/product\/75"}],"collection":[{"href":"https:\/\/konyvaruda.hu\/index.php?rest_route=\/wp\/v2\/product"}],"about":[{"href":"https:\/\/konyvaruda.hu\/index.php?rest_route=\/wp\/v2\/types\/product"}],"replies":[{"embeddable":true,"href":"https:\/\/konyvaruda.hu\/index.php?rest_route=%2Fwp%2Fv2%2Fcomments&post=75"}],"wp:featuredmedia":[{"embeddable":true,"href":"https:\/\/konyvaruda.hu\/index.php?rest_route=\/wp\/v2\/media\/168"}],"wp:attachment":[{"href":"https:\/\/konyvaruda.hu\/index.php?rest_route=%2Fwp%2Fv2%2Fmedia&parent=75"}],"wp:term":[{"taxonomy":"product_cat","embeddable":true,"href":"https:\/\/konyvaruda.hu\/index.php?rest_route=%2Fwp%2Fv2%2Fproduct_cat&post=75"},{"taxonomy":"product_tag","embeddable":true,"href":"https:\/\/konyvaruda.hu\/index.php?rest_route=%2Fwp%2Fv2%2Fproduct_tag&post=75"}],"curies":[{"name":"wp","href":"https:\/\/api.w.org\/{rel}","templated":true}]}}

Kapcsolat a szellemi világgal

<table border="0" width="950" align="center">
<tbody>
<tr>
<td>
<div align="justify"><span style="font-size: large;"><span style="font-size: large;">Ez a könyv a médiumok tevékenységének titokzatos világába nyújt bepillantást. A túlvilággal való kapcsolat több éves múltra tekint vissza, amely a különböző korokban, kultúrákban, sokféleképpen jelent meg, s így jelen van a mai világban is. A szerző bemutatja a médium ősképét, eredeti, szellemi feladatát s megnyilvánulási formáit a régmúlttól napjainkig. A könyv részletesen leírja a médiumi tevékenység főbb fajtáit: az elhunytakkal és a tanító szellemekkel való kapcsolatot, a szellemi világhoz való kapcsolódás folyamatát, valamint a túlvilág felépítését. A könyv magyarázatot ad több, ismert szellemi jelenségre, mint pl. a kopogó hangokra, a megidézésre és a próféták képességeire.<br />
Megismerkedhetünk a szenvedő szellemek médiumi megsegítésével, az állatokkal és a növényekkel való mediális kapcsolattal, de a médiumok bukásával is. A könyv a medialitás különleges eseteinek leírásával zárul. Minden bemutatott témát ritka túlvilági beszámolók színesítenek.<br />
A könyv nemcsak azoknak nyújthat nagy segítséget, akik már érzékelték a túlvilág létét, hanem azoknak is, akik részletesen meg szeretnék ismerni a láthatatlan világok csodálatos életét.</span></span></div>
<div align="justify"><span style="font-size: large;"><span style="font-size: large;">Előszó<br />
I. Alapfogalmak<br />
II. A túlvilággal való kapcsolat<br />
II.1. A túlvilág fogalma<br />
II.2. A túlvilággal való kapcsolat célja<br />
II.2.1. A médium ősképe<br />
II.2.2. Mágia és misztika<br />
III. A modern kori medialitás története<br />
III.1. Alapfogalmak<br />
III.2. Miért tiltották a holtak megkérdezését?<br />
III.3. A spiritizmus létrejötte<br />
III.3.1. A magyarországi spiritiszta mozgalom<br />
III.4. A médiumok napjainkban<br />
III.5. A spiritizmus szellemi célja<br />
IV. Kivel léphet kapcsolatba a médium?<br />
IV.1. A túlvilág<br />
IV.2. A túlvilág lakói<br />
IV.2.1. Milyen nyelven beszélnek a szellemek?<br />
IV.3. Kivel léphet kapcsolatba a médium?<br />
IV.3.1. Az égi hierarchia<br />
IV.3.2. A túlvilág felépítése<br />
IV.3.3. Az elhunytakkal való kapcsolat<br />
IV.3.4. A magasabb szellemekkel való kapcsolat<br />
IV.3.5. A földi testben élőkkel való kapcsolat<br />
IV.3.6. Kapcsolat az állatokkal, növényekkel, ásványokkal<br />
IV.3.7. Hol lehet találkozni a szellemekkel?<br />
V. Ki a jó médium?<br />
VI. A médiumok képzése<br />
VI.1. A médium spontán képzése<br />
VI.2. Médiumiskolák<br />
VII. A szellemi világgal való kapcsolódás folyamata<br />
VII. 1. A kapcsolat technikája<br />
VII.2. A médiumi munkát befolyásoló tényezők<br />
VII.2. 1. Megváltozott tudatállapotokat előidéző szerek<br />
VIII. A médiumi tevékenység formái<br />
VIII.1. A képesség szerint<br />
VII.1.1 A kopogó hangok és a zajok 5<br />
VIII.2. A létszám szerint<br />
VIII.3. A megidézés<br />
VIII.4. Médiumok és próféták<br />
VIII.5. A látnokok<br />
VIII.6. A látomások és próféciák értelmezése<br />
VIII.7. A legfejlettebb médiumi képesség<br />
VIII.8. Az inkorporáció<br />
VIII.8.1. A szenvedő szellemek megsegítése<br />
VIII.8.2. A megszállottság médiumi gyógyítása<br />
IX. A szellemi segítők közreműködése a médiumi tevékenység során<br />
IX.1. A szellemi vezetők és segítők<br />
IX.2. A médiumi közvetítés előkészítése a szellemi világban<br />
X. A médiumi képességek megszakítása és elveszítése<br />
X.1. Médiumok bukása<br />
XI. A medialitás különleges esetei<br />
XI. 1. Földi testben élő szellem megjelenése<br />
XI.2. Médiumi gyógyítás rosszindulatú szellem eltávolításával<br />
XI. 3. Medialitás a halálos ágyon<br />
XI.4. A családállítás<br />
XI.5. Állatok és egyéb élőlények inkorporálása<br />
Zárszó</span></span></p>
<div align="left">Részlet a könyvből:</div>
<p>&nbsp;</p>
<p>&#8220;&#8230;a földi és a túlvilági lét közötti kapcsolat legfőbb jellemzője (fejlett szellemi szinten): a magasabb, égi erők leáramlása a Földre, s a lehetőség, hogy a földi ember itt, az anyagban is kapcsolódhasson a számára láthatatlan égi erőkhöz, amelyek „mindazt, ami a földön élt, átvilágították, megszentelték és teljessé tették”. A kapcsolat célja: a földi lét emelése az emelkedettebb világok felé, a szellemiesülés útján.<br />
Láttuk, hogy az aranykorban számos kapcsolati forma állt fenn az ember és a túlvilág között (a szimbolikus kilenc híd), amely a szellemi bukással egyre csökkent, arra az egyre, ahol a földi testét levetett lélek átjut a szellemi világba. Ezen az egy hídon azonban már nem áramlik szinte semmi, ami megszentelné a földi létet, mert az ember alacsony szellemi szintre jutott. Mi több, ettől az egy hídtól a mai ember retteg, mert nem tudja, hogy hová vezet.<br />
Ez természetesen a nagy tömegre igaz. A mai emberiség döntő többsége materialista, sőt még az ún. hívők nagy része sem hisz a túlvilágban. Ennek ellenére mindazok számára – legyen ez egy ember vagy egy kis csoport – az égből leáradó, megszentelő erőkkel való kapcsolat ma is lehetséges, ha a földi ember szellem relatíve fejlett. A medialiltás alaptörvénye: hasonló a hasonlót vonzza. „Mert ahol ketten vagy hárman összejönnek az én nevemben, ott vagyok közöttük.” ( Mt 18,20 – mondta Jézus. Ez tágabb értelemben azt is jelenti, hogy a túlvilág fejlett, áldást, gyógyulást, segítséget hozó szellemei azokhoz tudnak kapcsolódni, akik szellemileg hasonlóak. Ezért lehet megfelelő felkészültség mellett ma is kapcsolatba lépni a túlvilág fényesebb lakóival&#8221;. &#8221;</p>
</div>
</td>
</tr>
<tr>
<td height="130">
<div align="right"></div>
</td>
</tr>
</tbody>
</table>
